11).
3
Suppose 6*l = -4*l + l. Suppose -8 = -l*u - u. Let y(g) = -g**3 + 60 - 22 - 15 - 9*g**2 - 19 - u*g. Determine y(-8).
4
Suppose -3*z = -2*i - 73 + 79, -3*i = 5*z + 10. Let q(h) = -2*h**2 - 60. Give q(i).
-60
Let w(j) = j**2 - 10*j - 130. Let g be (-5184)/(-720)*(-10)/(-4). What is w(g)?
14
Let h(b) = -2*b**2 - 654 + 4*b - b**3 - 634 - b + 1293. Give h(-3).
5
Let c(t) be the third derivative of -t**5/60 - 7*t**4/12 - 7*t**3/2 + 38*t**2 - 4*t - 3. Calculate c(-12).
3
Suppose 1 = -2*y - 4*r - 9, -2*y - 3*r = 6. Let u(t) = 876*t + 83. Let x(l) = 105*l + 10. Let s(f) = -6*u(f) + 50*x(f). Calculate s(y).
-16
Let g(i) = -i**2 + 19*i - 22. Let l be (-34 - 2)*(-14)/28. Determine g(l).
-4
Let i = 14 - 13. Let y be 0*((-2)/(-4) - i). Let m(s) = 7*s**2 + 2*s - 17. Let w(c) = 2*c**2 + c + 1. Let b(p) = -m(p) + 3*w(p). Give b(y).
20
Let n be 1302/24*4 - (3 + 1). Let t = n - 214. Let a(c) = -2*c - 1. What is a(t)?
1
Let i(c) = -3*c + 30. Let m(a) = -a + 10. Let s(v) = -6*i(v) + 17*m(v). Let u = 4331 - 4331. What is s(u)?
-10
Let w = -145 - -148. Suppose -g + 3 = w*n, -3 = -5*g + 4*g. Let d(r) = -r + 25. What is d(n)?
25
Let o(i) = -9 + i**2 - 13 + 43*i - 2*i**2 + 12 - 32*i. Determine o(7).
18
Suppose 0 = m + 2 - 4. Suppose 4*p - a - m = 0, 0*p + 4*a - 4 = 4*p. Let t(s) = p + 0 - 2*s - 13 + 4. What is t(-7)?
6
Let f be 2/(4 - 6) - -26. Let k be 10/f*5*6/(-4). Let u(n) = -n + 2. Calculate u(k).
5
Let d(h) be the second derivative of h**3/6 + 9*h**2/2 + 915*h. Give d(-4).
5
Let o(j) be the third derivative of j**6/120 + j**5/60 + j**4/6 + 35*j**3/6 - 853*j**2. Calculate o(0).
35
Let s(h) = -h - 6. Let u(a) = -a**3 - 24*a**2 + 2*a + 60. Let g be u(-24). Suppose 17*q - g*q - 3*p = -52, 5*q - p = -44. What is s(q)?
2
Let k(r) be the first derivative of -r**4/4 + 5*r**3 + 9*r**2 - 15*r + 368. Calculate k(16).
17
Let n(w) = -3*w**2 - 9*w + 6. Let y = -16 - -19. Let k(p) = 2*p**2 + 9*p - 6. Let t(s) = y*n(s) + 4*k(s). Let v = -70 + 79. What is t(v)?
-6
Let s(b) = -7*b - 1. Let x(t) = -41*t. Let r(m) = 6*s(m) - x(m). Give r(3).
-9
Let a(b) = 3*b - 6*b - b. Let o(w) be the third derivative of -7*w**4/24 + 85*w**3/3 + 68*w**2. Let h be o(24). Determine a(h).
-8
Let d(s) = 3*s + s + 0*s. Suppose 2*c - 16 = 0, p + 1562 = -2*c + 1575. What is d(p)?
-12
Let d = -555 + 625. Suppose -14*x = -d - 0. Let f(g) = g**3 - 5*g**2 + 4. Determine f(x).
4
Let n(f) = -5*f - 47. Suppose -4*z = 2*k + 42, -4*k = 32*z - 29*z + 59. What is n(k)?
8
Let l(m) be the first derivative of 1/6*m**3 - 22 + 0*m**4 - 1/20*m**5 - m**2 + 20*m. Let t(w) be the first derivative of l(w). Determine t(0).
-2
Let g = -1988 + 1998. Let i(m) = -m**2 + 4*m + 28. Calculate i(g).
-32
Suppose 14 = j - 3*j. Let d(b) = 3*b**2 - 139*b + 1. Let x(n) = -5*n**2 + 204*n - 4. Let u(t) = 3*d(t) + 2*x(t). Give u(j).
9
Let v(p) = 18*p + 37. Let r be v(5). Let z(q) = -252 + 128 + r + q**2 - 2*q. Give z(3).
6
Let r be (-486)/63 + 22/(-77). Let i(q) = -q**3 - 9*q**2 - 4*q - 11. What is i(r)?
-43
Let s(w) be the first derivative of -15*w**2/2 - 21*w + 2688. Give s(-4).
39
Let y(z) = -z**3 - 18*z**2 + 18*z - 19. Let l be -13 + (2 + 10 - 18). Give y(l).
0
Let c(f) = -4*f**2 - 14*f - 8. Let j(w) = -w**2 - 3*w - 3. Let s(h) = 3*c(h) - 10*j(h). Calculate s(-5).
16
Let w(f) be the first derivative of 15*f**2/2 - 25*f + 7012. Determine w(-3).
-70
Let w(p) = -3*p - 6*p - 2*p + 2. Let n(x) = -1250*x - 2502. Let q be n(-2). Calculate w(q).
24
Let w(m) = m**2 + 12*m + 8. Suppose -7*k + 11 = 60. What is w(k)?
-27
Let z(a) = -82 + 158 + a**2 - 77. Let g(k) = 2*k - 8. Let d be g(5). What is z(d)?
3
Let l = -115 + 309. Let m = 189 - l. Let b(y) = -4*y + 4. What is b(m)?
24
Let j(x) be the second derivative of -x**5/20 - x**4/4 + 936*x + 7. Let o = -3 - -4. Let i be o + 4/((-12)/15). Give j(i).
16
Let t(m) be the first derivative of 2*m - 32 - 1/3*m**3 - 3*m**2. What is t(-6)?
2
Let u(a) = 13*a - 344. Suppose -166*j + 1269 = -81*j - 38*j. Calculate u(j).
7
Let q(c) be the second derivative of c**4/6 - 10*c**3/3 - 9*c**2 + 205*c - 4. Give q(11).
4
Let v(c) = -1. Let r(u) = -u**2 + 7*u + 2. Let q(x) = r(x) + 6*v(x). Suppose 12*a + 20 = -16. Let f be 4/(-5)*-5 - a. Give q(f).
-4
Let t(n) be the third derivative of -3*n**4/8 + 139*n**3/6 + 1058*n**2. Calculate t(17).
-14
Let g(s) = s - 5. Suppose -96*h = -99*h + 3*r - 60, -5*h = 5*r + 60. Give g(h).
-21
Let u(f) = -f - 2. Let w(r) = -2*r. Let o be -2*((-65)/78 + 2/6). Let m(y) = o*u(y) + 2*w(y). Calculate m(-7).
33
Let l(j) be the third derivative of j**5/120 + j**4/24 + j**3/2 + 2*j**2 + 26. Let g(m) be the first derivative of l(m). Give g(4).
5
Let i(n) = 204 - 13*n**2 - 16*n - 78 - n**3 - 88 - 84. Let q be i(-12). Let k(o) = -o**3 + 2*o**2 + 1. Determine k(q).
1
Suppose 0 = 4*y - 7*y + 3. Let x(z) = -92*z + 106*z - 2 + y. Let l = 1 + 0. Determine x(l).
13
Let o be 1408/84 + 4/6 + (-32)/(-56). Let b(c) = c**3 - 17*c**2 - 18*c. Calculate b(o).
0
Let o(p) = -p**3 + 12*p**2 - 35*p - 1. Let h = -12840 - -12847. Determine o(h).
-1
Suppose 5 = -5*c - 2*o - 0, -40 = 5*c - 5*o. Let y be c*(-2)/(12/18). Let r(z) = 4*z - 13*z + 7*z - y + 3*z. Determine r(6).
-3
Let c be 2 - (-1)/((-1)/4). Let p(l) be the first derivative of l**4/4 - l**3 - l**2/2 + 2*l - 32. Calculate p(c).
-16
Let x(q) be the third derivative of q**6/120 + 3*q**5/10 - q**4/24 - 7*q**3/3 + 3036*q**2. What is x(-18)?
4
Let b(y) = -24*y + 14. Let i(j) = -5*j + 3. Let p = 290 - 296. Let m(s) = p*b(s) + 28*i(s). Calculate m(3).
12
Let h(k) = k**2 - 6*k + 7. Suppose -3*s - 196 = s + 4*w, 0 = 2*s - 5*w + 70. Let i = -41 - s. Suppose x + 18 = i*x. Give h(x).
7
Let k(r) = r**2 - 2*r + 1. Let s(w) = 15*w**2 - 10 - 2 - 1 + w - w**3. Let q be s(15). Let v be 1/(q/(8 + -2)). Give k(v).
4
Suppose -3*u + 13 = 7. Let n(z) = 67*z - z**u + 72*z - 28 - 140*z. Give n(0).
-28
Let a(j) be the second derivative of 1/12*j**4 + 4 + 15*j + 0*j**3 - 5/2*j**2. Give a(0).
-5
Suppose 0 = q - 5, 0 = 3*x + 2*q - 92 - 23. Suppose 9*f - x = 2*f. Let d(t) = t + 1. What is d(f)?
6
Let r(v) be the second derivative of -v**4/12 + 19*v**3/6 - 17*v**2/2 - 45*v - 1. What is r(16)?
31
Let g(f) = -f**3 + 7*f**2 - 4. Let u = 610 - 595. Suppose 1739*x - 1734*x - u = 0. Give g(x).
32
Let r = 5806 - 5806. Let u(i) = -20*i + 5. Determine u(r).
5
Let f(d) = -2*d**2 + 27*d - 20. Let b be 3/(4/(-6) - 175/(-195)). Calculate f(b).
-7
Let g(p) = p + 8. Let y = 64 - 39. Suppose 2*o + 2*o = l + 13, -3*l - 4*o = -y. Let n be ((0 - 4) + l)*6. Determine g(n).
2
Let u(i) be the third derivative of -i**4/8 + 2*i**3 - 2*i**2 + 865*i. Determine u(0).
12
Let v(i) be the second derivative of 1 + 6*i + 15/2*i**2 - 1/3*i**3 - 1/12*i**4. What is v(-5)?
0
Suppose 375*b - 387*b = 0. Let x(m) = -5*m + 30. Determine x(b).
30
Let f(s) = -s**2 - 4*s + 6. Suppose -4*r = 4*c + 4, -59 = 5*c + 19*r - 23*r. Calculate f(c).
-15
Let k(y) = 19*y**3 - 12*y**2 + 104*y + 119. Let q(n) = -7*n**3 + 4*n**2 - 36*n - 39. Let d(c) = 4*k(c) + 11*q(c). Calculate d(-6).
-1
Let z(i) = -3*i + 1. Let h be 155/(-279)*3*-3. Suppose 10 = -6*x + x + h*a, -3*x - 4 = -4*a. Give z(x).
13
Let w(f) be the third derivative of f**6/40 - f**5/15 + f**4/3 - 4*f**3/3 - 4*f**2 + 130*f - 1. Determine w(2).
16
Suppose 54*m = 86*m + 64. Let t(y) = -2*y**2 - 2*y + 2. What is t(m)?
-2
Let o(z) be the third derivative of -z**6/120 - z**5/5 + z**4/6 + 8*z**3 - 696*z**2 + 1. What is o(-12)?
0
Suppose 2*z - z = 6. Let u(h) = -9 - 12 + 20*h - 6 + 2 + 11. Let y(b) = 7*b - 5. Let q(c) = z*u(c) - 17*y(c). Give q(-7).
-6
Let v(n) = -n**3 - 18*n**2 - 16*n - 22. Let a be v(-18). Let g = -270 + a. Let u(l) = l + 4. Calculate u(g).
0
Suppose 5*k = -16 - 44. Let l = k + 15. Let g(r) = -12 - r**l + 4*r**2 + r**2 + 6*r + 0*r**2 + 11. Give g(6).
-1
Let a(o) = 6*o - 1. Suppose -3*z - 11 = 3*d - 35, -z + d = -8. Suppose 0 = k + z*k + 18. Let b(p) = 3*p**2 + 5*p. Let y be b(k). Determine a(y).
11
Let u(o) = 5*o**2 - 5*o + 17. Let f = 86 + -90. Let s be 7 + (-4 + 4)/f. Let a(w) = 6*w**2 - 6*w + 18. Let h(n) = s*u(n) - 6*a(n). Determine h(0).
11
Let k(m) be the third derivative of -24*m**2 - 7/120*m**5 + 1/360*m**6 + 1/8*m**4 + 0*m - 5/6*m**3 + 0. Let p(n) be the first derivative of k(n). What is p(5)?
-7
Let v(f) = f**3 + 5*f**2 + 4*f + 1. Suppose 4*w - 1 + 61 = 0